s the millions digit of 12751456?
2
What is the hundred thousands digit of 110499?
1
What is the thousands digit of 1143208?
3
What is the units digit of 13007331?
1
What is the thousands digit of 11833?
1
What is the millions digit of 5150974?
5
What is the hundreds digit of 25964?
9
What is the thousands digit of 721317?
1
What is the ten thousands digit of 595288?
9
What is the thousands digit of 501330?
1
What is the tens digit of 38558?
5
What is the hundred thousands digit of 5935347?
9
What is the hundreds digit of 14863?
8
What is the ten thousands digit of 7086004?
8
What is the thousands digit of 5421848?
1
What is the thousands digit of 12893353?
3
What is the units digit of 2330121?
1
What is the ten thousands digit of 1574120?
7
What is the units digit of 1004003?
3
What is the units digit of 279182?
2
What is the units digit of 423519?
9
What is the millions digit of 3295528?
3
What is the tens digit of 10960?
6
What is the thousands digit of 127551?
7
What is the thousands digit of 582921?
2
What is the hundred thousands digit of 13976580?
9
What is the thousands digit of 345336?
5
What is the units digit of 811148?
8
What is the millions digit of 8133233?
8
What is the hundreds digit of 346902?
9
What is the ten millions digit of 19620015?
1
What is the hundred thousands digit of 4405664?
4
What is the thousands digit of 14403602?
3
What is the thousands digit of 19646802?
6
What is the units digit of 196960?
0
What is the hundreds digit of 132201?
2
What is the hundred thousands digit of 492153?
4
What is the hundreds digit of 358298?
2
What is the units digit of 3479507?
7
What is the tens digit of 469432?
3
What is the ten thousands digit of 766368?
6
What is the ten thousands digit of 564152?
6
What is the hundreds digit of 1334624?
6
What is the thousands digit of 1004410?
4
What is the tens digit of 699329?
2
What is the thousands digit of 7013745?
3
What is the units digit of 423066?
6
What is the tens digit of 1085887?
8
What is the units digit of 196291?
1
What is the units digit of 9330534?
4
What is the tens digit of 1362437?
3
What is the millions digit of 27309506?
7
What is the hundred thousands digit of 602170?
6
What is the hundred thousands digit of 449565?
4
What is the units digit of 5745482?
2
What is the units digit of 60493?
3
What is the hundred thousands digit of 341059?
3
What is the tens digit of 1335279?
7
What is the units digit of 17695060?
0
What is the hundred thousands digit of 20605906?
6
What is the units digit of 13541455?
5
What is the millions digit of 8090302?
8
What is the units digit of 250630?
0
What is the hundreds digit of 161004?
0
What is the hundred thousands digit of 2107027?
1
What is the hundred thousands digit of 358354?
3
What is the hundred thousands digit of 1646844?
6
What is the tens digit of 403611?
1
What is the thousands digit of 5880856?
0
What is the units digit of 757492?
2
What is the hundred thousands digit of 6229269?
2
What is the hundreds digit of 31209178?
1
What is the ten thousands digit of 37853138?
5
What is the tens digit of 19488469?
6
What is the tens digit of 951191?
9
What is the hundred thousands digit of 142734?
1
What is the thousands digit of 3088304?
8
What is the tens digit of 464812?
1
What is the thousands digit of 110477?
0
What is the thousands digit of 1062993?
2
What is the thousands digit of 8329243?
9
What is the tens digit of 2670017?
1
What is the tens digit of 537747?
4
What is the units digit of 596691?
1
What is the units digit of 794546?
6
What is the tens digit of 606193?
9
What is the thousands digit of 1832464?
2
What is the ten thousands digit of 1727841?
2
What is the units digit of 231048?
8
What is the millions digit of 3586892?
3
What is the thousands digit of 4044012?
4
What is the millions digit of 2738453?
2
What is the thousands digit of 1004875?
4
What is the thousands digit of 1597529?
7
What is the hundred thousands digit of 8474857?
4
What is the hundreds digit of 15786083?
0
What is the millions digit of 1121901?
1
What is the hundred thousands digit of 2668167?
6
What is the tens digit of 1111279?
7
What is the thousands digit of 220478?
0
What is the hundreds digit of 135231?
2
What is the hundreds digit of 122897?
8
What is the tens digit of 26568648?
4
What is the millions digit of 15647287?
5
What is the units digit of 5242277?
7
What is the hundreds digit of 287941?
9
What is the ten thousands digit of 28077261?
7
What is the tens digit of 149389?
8
What is the tens digit of 221054?
5
What is the ten thousands digit of 448173?
4
What is the thousands digit of 141988?
1
What is the tens digit of 16392996?
9
What is the millions digit of 9993362?
9
What is the hundred thousands digit of 9719307?
7
What is the thousands digit of 57057?
7
What is the thousands digit of 401186?
1
What is the thousands digit of 220441?
0
What is the units digit of 256827?
7
What is the ten thousands digit of 848749?
4
What is the tens digit of 111152?
5
What is the hundred thousands digit of 1540903?
5
What is the ten thousands digit of 1310032?
1
What is the ten thousands digit of 2142057?
4
What is the ten thousands digit of 985287?
8
What is the ten thousands digit of 8171363?
7
What is the thousands digit of 201973?
1
What is the hundred thousands digit of 8249806?
2
What is the tens digit of 2995636?
3
What is the tens digit of 9572593?
9
What is the units digit of 225027?
7
What is the hundred thousands digit of 468978?
4
What is the thousands digit of 160399?
0
What is the ten thousands digit of 499657?
9
What is the thousands digit of 2011546?
1
What is the hundred thousands digit of 3575842?
5
What is the hundreds digit of 284197?
1
What is the hundred thousands digit of 1623379?
6
What is the ten millions digit of 20342666?
2
What is the units digit of 5264948?
8
What is the units digit of 2445150?
0
What is the hundreds digit of 71029?
0
What is the tens digit of 30058680?
8
What is the ten thousands digit of 566246?
6
What is the tens digit of 4524431?
3
What is the hundred thousands digit of 7131294?
1
What is the thousands digit of 933229?
3
What is the units digit of 12441348?
8
What is the ten thousands digit of 6316026?
1
What is the millions digit of 1010277?
1
What is the hundred thousands digit of 7306367?
3
What is the hundreds digit of 5983661?
6
What is the hundreds digit of 9278198?
1
What is the units digit of 792309?
9
What is the millions digit of 2024858?
2
What is the tens digit of 870624?
2
What is the ten thousands digit of 542155?
4
What is the tens digit of 9244510?
1
What is the units digit of 286137?
7
What is the hundreds digit of 315090?
0
What is the hundreds digit of 97573?
5
What is the units digit of 351961?
1
What is the units digit of 436576?
6
What is the hundreds digit of 182563?
5
What is the thousands digit of 21367036?
7
What is the tens digit of 469638?
3
What is the tens digit of 21271?
7
What is the ten thousands digit of 686321?
8
What is the tens digit of 9176392?
9
What is the hundred thousands digit of 224569?
2
What is the thousands digit of 94133?
4
What is the millions digit of 1551570?
1
What is the thousands digit of 874962?
4
What is the units digit of 948?
8
What is the units digit of 150879?
9
What is the thousands digit of 17995024?
5
What is the ten thousands digit of 6441999?
4
What is the ten thousands digit of 139438?
3
What is the tens digit of 4939293?
9
What is the tens digit of 156980?
8
What is the millions digit of 1472145?
1
What is the thousands digit of 1002145?
2
What is the units digit of 224934?
4
What is the ten thousands digit of 839474?
3
What is the thousands digit of 225640?
5
What is the thousands digit of 42482?
2
What is the ten thousands digit of 21870?
2
What is the units digit of 181545?
5
What is the ten thousands digit of 1363692?
6
What is the thousands digit of 13730884?
0
What is the hundreds digit of 1296787?
7
What is the ten thousands digit of 938908?
3
What is the ten thousands digit of 968428?
6
What is the tens digit of 745521?
2
What is the units digit of 511000?
0
What is the ten thousands digit of 4637977?
3
What is the ten thousands digit of 3970027?
7
What is the units digit of 408853?
3
What is the ten thousands digit of 3